 Calculate d(6).
204
Let o(c) = 10*c**2 - 2*c - 133. Determine o(11).
1055
Let k(d) = d**2 - 41*d - 293. Calculate k(47).
-11
Let x(g) = 27110*g + 135549. Determine x(-5).
-1
Let u(c) = 59*c**3 - 2*c**2 + 3*c - 10. Calculate u(2).
460
Let f(i) = i**2 - 35*i - 2655. Determine f(72).
9
Let g(d) = d**3 + 47*d**2 - 5*d - 27. Give g(-47).
208
Let m(b) = 404*b - 1624. Determine m(4).
-8
Let t(k) = 15*k**2 + 182*k + 20. Give t(-12).
-4
Let v(d) = 2*d**3 + 9*d**2 - d - 2. Give v(-5).
-22
Let q(l) = -8*l**2 - 19*l - 3. Calculate q(0).
-3
Let w(s) = -48*s + 1200. What is w(18)?
336
Let y(p) = -4*p**2 - 109*p + 141. Determine y(-29).
-62
Let b(y) = 2*y**3 - 2*y**2 - 72*y + 138. What is b(2)?
2
Let p(r) = -r**3 + r**2 + 17*r - 22. What is p(-7)?
251
Let h(i) = 8*i**2 + 1729*i + 212. Give h(-216).
-4
Let l(g) = -5*g**2 - 35*g - 213. What is l(-10)?
-363
Let c(w) = w**2 + 43*w - 56896. What is c(218)?
2
Let i(s) = -s**2 - 66*s - 27. Give i(-65).
38
Let k(n) = n**3 - 50*n**2 + 58*n + 185. Calculate k(49).
626
Let f(m) = -m**3 + 248*m**2 + 758*m - 1257. Give f(251).
-2
Let g(v) = -18*v**2 - 29*v - 12. Calculate g(-2).
-26
Let z(p) = -3*p**2 - 1731*p - 5173. Calculate z(-3).
-7
Let f(q) = 43*q + 329. Give f(-9).
-58
Let l(i) = 2*i**2 - 505*i + 1993. Calculate l(4).
5
Let n(q) = -13*q**3 + 3*q**2 + 4*q - 7. Give n(2).
-91
Let t(o) = 23*o - 746. What is t(33)?
13
Let s(l) = -77*l - 47. Calculate s(-2).
107
Let g(x) = 8*x**2 + 126*x - 74. Determine g(-15).
-164
Let y(c) = -1606*c - 12944. Determine y(-8).
-96
Let h(q) = -q**3 + 121*q**2 - 40*q + 4844. Determine h(121).
4
Let k(d) = 30*d + 64. Calculate k(-23).
-626
Let o(u) = u**2 - 3*u - 88. Determine o(17).
150
Let n(h) = h**3 + 23*h**2 + 2*h + 37. Determine n(-23).
-9
Let b(q) = 55*q**2 - 447*q + 57. What is b(8)?
1
Let h(n) = 2*n**3 - 71*n**2 + 18*n + 616. Determine h(35).
21
Let f(v) = 17*v + 49. Determine f(-4).
-19
Let a(d) = -2*d**3 + 4*d**2 + 5*d + 22. Calculate a(-4).
194
Let f(w) = 2*w**2 - 13*w - 8. What is f(-4)?
76
Let q(a) = a**3 - 31*a**2 - 39*a + 241. What is q(32)?
17
Let s(v) = -v**3 + 14*v**2 - 31*v - 17. Calculate s(10).
73
Let c(u) = -u**3 + 45*u**2 - u + 57. Give c(45).
12
Let l(s) = -s**2 + 72*s - 1302. Calculate l(33).
-15
Let a(c) = c**2 + 39*c + 204. Calculate a(-28).
-104
Let u(x) = -457*x + 78601. What is u(172)?
-3
Let r(m) = -m**3 - 18*m**2 - 81*m - 123. Determine r(-12).
-15
Let p(z) = -3574*z + 42894. Give p(12).
6
Let z(c) = c**2 - 21*c - 569. What is z(43)?
377
Let k(j) = 2*j**3 - 65*j**2 + 39*j - 298. Give k(32).
-74
Let c(n) = 3*n**2 + 45*n - 558. Determine c(-23).
-6
Let r(f) = 790*f + 29212. What is r(-37)?
-18
Let h(l) = -3*l**2 + 7*l - 12. What is h(3)?
-18
Let h(r) = 3*r**2 + 102*r + 494. Give h(-28).
-10
Let r(v) = 2*v**3 + 15*v**2 - 21*v - 99. Calculate r(-8).
5
Let f(h) = -6*h**2 + 136*h - 137. Give f(1).
-7
Let p(n) = -3503*n + 178661. Calculate p(51).
8
Let g(k) = -2*k**2 - 1021*k - 3046. What is g(-3)?
-1
Let q(g) = -g**3 + 36*g**2 - 296*g - 481. Give q(20).
-1
Let d(v) = -2*v**3 - 19*v**2 - 14*v - 22. What is d(-11)?
495
Let y(k) = 4*k**2 - 216*k - 46. Calculate y(54).
-46
Let u(c) = -c**3 - 9*c**2 - 10*c + 63. What is u(4)?
-185
Let s(l) = l**3 + 7*l**2 - 7*l - 84. What is s(-7)?
-35
Let m(y) = -y**3 + 62*y**2 + 192*y + 207. Calculate m(65).
12
Let p(a) = -30*a**2 - 638*a - 1765. Determine p(-18).
-1
Let u(r) = -r**3 + 24*r**2 - 130*r - 36. What is u(14)?
104
Let p(s) = 781*s - 70291. Calculate p(90).
-1
Let i(j) = 6*j**2 - 59*j - 11. What is i(10)?
-1
Let r(z) = -z**3 + 34*z**2 - 121*z + 48. What is r(30)?
18
Let u(j) = -j**3 - 3*j**2 - 2946*j - 11789. Determine u(-4).
11
Let n(c) = -c**3 + 6*c**2 + 23*c. Determine n(8).
56
Let g(y) = 2*y**2 - 58*y - 76. Calculate g(31).
48
Let v(q) = -q**3 + 35*q**2 - 41*q - 8. Calculate v(34).
-246
Let o(j) = 1298*j + 5182. What is o(-4)?
-10
Let n(q) = -11*q + 88. Calculate n(8).
0
Let c(s) = 4*s**3 - 9*s**2 - 18*s + 21. Determine c(3).
-6
Let d(k) = -k**2 - 26*k - 1. What is d(3)?
-88
Let o(i) = 34*i**3 + 6*i**2 - 4*i - 13. Calculate o(-2).
-253
Let a(f) = 40*f**2 + 180*f - 5. Calculate a(-4).
-85
Let m(p) = 4*p**2 - 65*p + 129. Calculate m(2).
15
Let n(m) = 4*m**2 + 108*m + 13. Calculate n(-27).
13
Let w(h) = 2*h + 66. Determine w(-31).
4
Let o(d) = d**3 + 15*d**2 + 49*d + 6. Give o(-5).
11
Let m(l) = -26*l**2 + 73*l - 321. Calculate m(8).
-1401
Let m(k) = -1218*k + 23. What is m(0)?
23
Let m(a) = -a**2 + 59*a - 110. Give m(60).
-170
Let s(f) = -4*f**2 - 9*f + 57. Give s(5).
-88
Let o(l) = -6*l + 214. Determine o(-13).
292
Let k(c) = 132*c - 843. What is k(6)?
-51
Let m(n) = n**3 - 43*n**2 - 37*n + 1603. Give m(43).
12
Let a(q) = -451*q + 11708. What is a(26)?
-18
Let p(u) = u**3 + 15*u**2 + 11*u - 25. Give p(-10).
365
Let n(k) = 2*k**2 + 101*k + 92. Calculate n(-51).
143
Let q(i) = 1009*i + 24222. Calculate q(-24).
6
Let w(j) = 777*j + 768. Determine w(-1).
-9
Let j(v) = 2*v**3 + 398*v**2 - 1645*v - 4265. Calculate j(-203).
-2
Let r(a) = 18*a + 64. What is r(-5)?
-26
Let r(f) = -f**3 + 5*f**2 + 44*f + 26. Give r(-4).
-6
Let n(p) = 3*p**2 + 42*p + 114. Calculate n(-4).
-6
Let a(u) = -21*u + 515. Determine a(27).
-52
Let l(p) = 11*p + 158. Determine l(-17).
-29
Let r(y) = -92*y + 1105. Determine r(17).
-459
Let w(g) = 3*g**3 + 5*g**2 - 15*g - 32. What is w(-2)?
-6
Let p(k) = k**3 + 100*k**2 - 327*k + 9260. Determine p(-104).
4
Let a(j) = 12166*j - 97327. What is a(8)?
1
Let h(s) = -5*s**3 + 168*s**2 + 68*s - 8. Calculate h(34).
-8
Let s(n) = n**3 + 11*n**2 + 135*n + 529. Calculate s(-5).
4
Let u(k) = -150*k + 1356. Give u(9).
6
Let s(p) = -p**3 - 5*p**2 + 19*p + 35. Give s(-8).
75
Let c(n) = -2*n**3 - 32*n**2 + 32*n - 42. What is c(-17)?
-8
Let x(r) = -r**3 - 17*r**2 + 5*r + 189. Calculate x(-16).
-147
Let d(c) = -14*c**2 - 203*c - 661. Determine d(-10).
-31
Let b(g) = -2*g**2 + 25*g + 186. Calculate b(-5).
11
Let w(m) = -39*m + 1391. Determine w(36).
-13
Let s(v) = v**3 + 14*v**2 - 24*v + 79. Give s(-16).
-49
Let b(j) = -149*j + 1477. What is b(10)?
-13
Let p(h) = h**3 - 61*h. Determine p(8).
24
Let l(q) = -q**2 + 7. Calculate l(-16).
-249
Let r(n) = -n**3 - n + 70. Calculate r(0).
70
Let a(z) = z**2 + 12*z - 40. Determine a(-7).
-75
Let o(u) = -u**2 + 515*u + 55839. What is o(-92)?
-5
Let u(m) = m**2 + 53*m + 211. Calculate u(-20).
-449
Let y(b) = 86*b**3 + b**2 - b + 1. Give y(2).
691
Let v(b) = 4*b**2 - 41*b + 62. What is v(11)?
95
Let q(m) = 2*m**2 - 45*m + 244. Give q(13).
-3
Let l(z) = -19*z + 28. Determine l(6).
-86
Let j(g) = g**3 - 8*g**2 - 4*g + 17. Calculate j(8).
-15
Let k(l) = -243*l + 1770. Calculate k(6).
312
Let m(p) = 7*p**3 - 33*p**2 - 5*p - 34. What is m(5)?
-9
Let x(h) = -1733*h - 8692. Determine x(-5).
-27
Let n(a) = a**2 - 14*a + 58. Calculate n(7).
9
Let n(l) = l**3 + 6*l**2 - 16*l - 13. Calculate n(-6).
83
Let c(a) = 172*a**2 - 1720*a - 7. What is c(10)?
-7
Let a(z) = -4*z**3 - 158*z**2 - 235*z - 8. Give a(-38).
258
Let t(x) = -x**3 + 22*x**2 + 40*x + 36. Give t(24).
-156
Let q(t) = 2886*t - 2905. Give q(1).
-19
Let w(q) = -173*q + 2253. Give w(13).
4
Let r(o) = -3*o. Give r(1).
-3
Let c(p) = -73*p**2 - 8*p. What is c(-1)?
-65
Let u(w) = w**3 - w**2 - 67*w + 25. Calculate u(-9).
-182
Let u(b) = -b**2 + 24*b - 188. Give u(10).
-48
Let c(m) = 279*m + 1722. What is c(-6)?
48
Let o(r) = -r**3 + r**2 + 30*r - 36. Determine o(-5).
-36
Let u(x) = 30*x + 45. What is u(-5)?
-105
Let i(k) = -16*k + 47. What is i(7)?
-65
Let q(f) = -2*f**3 + 24*f**2 + 70*f + 310. Determine q(15).
10
Let k(z) = -2*z**3 + 24*z**2 - 23*z - 21. Determine k(8).
307
Let q(d) = 5*d**3 - 104*d**2 - 100*d + 4. What is q(-1)?
-5
Let l(q) = q**3 + 43*q**2 + 39*q - 54. What is l(-42)?
72
Let b(x) = 97*x**2 + 6403*x + 64. Give b(-66).
-2
Let d(b) = -b**2 + 12*b + 28. Calculate d(16).
-36
Let s(k) = 3*k**2 + 19*k - 80. Give s(-9).
-8
Let r(w) = -7*w + 63. Give r(7).
14
Let a(b) = -18369*b + 55106. What is a(3)?
-1
Let y(u) = 144*u + 1143. Give y(-8).
-9
Let j(v) = 2*v**3 - 22*v**2 - 4*v - 11. Calculate j(11).
-55
Let k(q) = -18*q - 268. What is k(-16)?
20
Let j(o) = 1764*o - 8676. What is j(5)?
144
Let o(z) = -2*z**2 + 10*z + 63. What is o(-5)?
-37
Let v(p) = 3*p**2 - 334*p + 3416. What is v(100)?
16
Let g(w) = 45*w - 1160. Give g(25).
-